{"id":21,"date":"2013-02-15T06:08:16","date_gmt":"2013-02-15T05:08:16","guid":{"rendered":"http:\/\/locationcarantec.wordpress.com\/?page_id=21"},"modified":"2024-01-02T12:01:17","modified_gmt":"2024-01-02T11:01:17","slug":"presentation","status":"publish","type":"page","link":"https:\/\/location.ty-bian.com\/?page_id=21","title":{"rendered":"Pr\u00e9sentation"},"content":{"rendered":"<h3 style=\"text-align: center;\"><strong>TY-BIAN<\/strong> (petite maison) \u00e0 <strong>CARANTEC<\/strong><\/h3>\n<h3 style=\"text-align: center;\">Au c\u0153ur de cette remarquable baie,<\/h3>\n<h3 style=\"text-align: center;\"><a href=\"http:\/\/www.location.ty-bian.com\/wp-content\/uploads\/2016\/01\/www.ty-bian.com_.jpg\" rel=\"attachment wp-att-577\"><img loading=\"lazy\" decoding=\"async\" class=\"wp-image-577 alignleft\" src=\"http:\/\/www.location.ty-bian.com\/wp-content\/uploads\/2016\/01\/www.ty-bian.com_.jpg\" alt=\"www.ty-bian.com\" width=\"1131\" height=\"754\" srcset=\"https:\/\/location.ty-bian.com\/wp-content\/uploads\/2016\/01\/www.ty-bian.com_.jpg 1024w, https:\/\/location.ty-bian.com\/wp-content\/uploads\/2016\/01\/www.ty-bian.com_-300x200.jpg 300w\" sizes=\"auto, (max-width: 1131px) 100vw, 1131px\" \/><\/a><\/h3>\n<h3 style=\"text-align: center;\">avec une c\u00f4te tr\u00e8s d\u00e9coup\u00e9e de plages et de magnifiques panoramas parsem\u00e9s d&rsquo;\u00eelots.<\/h3>\n<h3 style=\"text-align: center;\"><strong>TY-bian<\/strong> b\u00e9n\u00e9ficie d&rsquo;un classement pr\u00e9fectoral * meubl\u00e9 de tourisme 2 \u00e9toiles *<\/h3>\n<h3 style=\"text-align: center;\">Maison ind\u00e9pendante pour 2 personnes avec vue sur la mer,dans un endroit bien<\/h3>\n<h3 style=\"text-align: center;\">calme, d&rsquo;une ambiance douce et chaleureuse pour un s\u00e9jour agr\u00e9able, con\u00e7u pour<\/h3>\n<h3 style=\"text-align: center;\">votre confort, votre bien \u00eatre et d\u00e9tente.<\/h3>\n<h3 style=\"text-align: center;\">Situ\u00e9 \u00e0 300 m\u00e8tres du centre ville et de la plage du K\u00e9lenn ou de nombreuses<\/h3>\n<h3 style=\"text-align: center;\">activit\u00e9s nautiques vous sont propos\u00e9es, \u00e9coles de voiles, r\u00e9gates, kayac, plong\u00e9e,<\/h3>\n<h3 style=\"text-align: center;\">p\u00eache \u00e0 pieds, excursions en mer, visite du <strong>CH\u00c2TEAU DU TAUREAU<\/strong> .<\/h3>\n<h3 style=\"text-align: center;\">Paradis de la randonn\u00e9e, les 18 km de sentiers c\u00f4tiers et de chemins dans les dunes<\/h3>\n<h3 style=\"text-align: center;\">vous ferons d\u00e9couvrir les paysages, couleurs, lumi\u00e8res, parfums,<\/h3>\n<h3 style=\"text-align: center;\"><strong> l&rsquo;\u00eele Callot, <\/strong>la nature prot\u00e9g\u00e9e &#8230;<\/h3>\n<h3 style=\"text-align: center;\"><strong>Bienvenue \u00e0 TY-BIAN<\/strong>\u00a0 nous serons ravis de vous accueillir pour<\/h3>\n<h3 style=\"text-align: center;\">vos prochaines vacances.<\/h3>\n<h3 style=\"text-align: center;\">Jean Claude et Blandine\u00a0 JEGOU<\/h3>\n","protected":false},"excerpt":{"rendered":"<p>TY-BIAN (petite maison) \u00e0 CARANTEC Au c\u0153ur de cette remarquable baie, avec une c\u00f4te tr\u00e8s d\u00e9coup\u00e9e de plages et de magnifiques panoramas parsem\u00e9s d&rsquo;\u00eelots. TY-bian b\u00e9n\u00e9ficie d&rsquo;un classement pr\u00e9fectoral * meubl\u00e9 de tourisme 2 \u00e9toiles * Maison ind\u00e9pendante pour 2 &hellip; <a href=\"https:\/\/location.ty-bian.com\/?page_id=21\">Continuer la lecture <span class=\"meta-nav\">&rarr;<\/span><\/a><\/p>\n","protected":false},"author":1,"featured_media":0,"parent":0,"menu_order":2,"comment_status":"closed","ping_status":"closed","template":"full-width-page.php","meta":{"ngg_post_thumbnail":0,"footnotes":""},"class_list":["post-21","page","type-page","status-publish","hentry"],"_links":{"self":[{"href":"https:\/\/location.ty-bian.com\/index.php?rest_route=\/wp\/v2\/pages\/21","targetHints":{"allow":["GET"]}}],"collection":[{"href":"https:\/\/location.ty-bian.com\/index.php?rest_route=\/wp\/v2\/pages"}],"about":[{"href":"https:\/\/location.ty-bian.com\/index.php?rest_route=\/wp\/v2\/types\/page"}],"author":[{"embeddable":true,"href":"https:\/\/location.ty-bian.com\/index.php?rest_route=\/wp\/v2\/users\/1"}],"replies":[{"embeddable":true,"href":"https:\/\/location.ty-bian.com\/index.php?rest_route=%2Fwp%2Fv2%2Fcomments&post=21"}],"version-history":[{"count":7,"href":"https:\/\/location.ty-bian.com\/index.php?rest_route=\/wp\/v2\/pages\/21\/revisions"}],"predecessor-version":[{"id":603,"href":"https:\/\/location.ty-bian.com\/index.php?rest_route=\/wp\/v2\/pages\/21\/revisions\/603"}],"wp:attachment":[{"href":"https:\/\/location.ty-bian.com\/index.php?rest_route=%2Fwp%2Fv2%2Fmedia&parent=21"}],"curies":[{"name":"wp","href":"https:\/\/api.w.org\/{rel}","templated":true}]}}